g + 17 = -m. Give n(g).
0
Let b(g) = -2*g - 1. Let i(r) = -3*r - 3. Let h(q) = 5*b(q) - 3*i(q). Let y be h(3). Let a(n) be the first derivative of 8*n**3/3 - n + 3. Calculate a(y).
7
Let i(h) = 2*h - 1. Let m(l) = 11*l + 1. Let s(g) = 6*i(g) - m(g). Let z(v) = -6 - 5 + 2*v + 1 + 0. Let a be z(8). What is s(a)?
-1
Let o(n) = 5*n. Let p(r) = -r. Let g(t) = -2*o(t) - 9*p(t). Let s be g(-2). Let u(a) = -5*a - 2*a**2 - 2 + 5*a**2 - 2*a**s. Determine u(6).
4
Let n(p) = -12*p - 2. Let l(z) = z**3 + 3*z**2 - 4*z + 26. Let o be l(-5). Give n(o).
46
Let h(x) be the third derivative of x**5/60 - x**4/24 + 2*x**3 - 12*x**2. Give h(0).
12
Let i(h) be the second derivative of h**5/20 - h**4/2 - h**3/3 + 9*h**2/2 - 201*h. Calculate i(6).
-3
Let k(x) = 3*x - 73. Let c(u) = 28*u - 4. Let f be c(1). Determine k(f).
-1
Suppose -2*g - 17 = -s, 0 = -3*g - 0*s - s - 33. Let j = 12 + g. Let r(f) = 2 + f**3 + 3*f - 6*f**2 + 7*f**2 + 4*f**j. Calculate r(-4).
6
Let i(h) = h**2 + 3*h - 8. Let s = -112 + 106. Determine i(s).
10
Suppose 0 = 5*m + 2*v - 15, -v = -3*m - 6*v - 10. Suppose m*a = 0, 0*d + 3*a = -d - 8. Let n(j) = -j**3 - 8*j**2 + j - 1. Calculate n(d).
-9
Let s = -3 - 5. Let j be (s/(-10))/(3/15). Let a(z) = 30 - 27 - z**3 + j*z**2 - 5*z + z**2. Calculate a(4).
-1
Let r(m) = -12*m - 9. Let k(b) = -7*b - 5. Let a(w) = -7*k(w) + 4*r(w). What is a(10)?
9
Let p(f) be the first derivative of -4*f + 5/2*f**2 - 1/3*f**3 + 17. Give p(4).
0
Let x(b) be the second derivative of b**5/20 + 5*b**4/12 + b**3/6 - b**2 + 2*b + 2. Let f be (-1 - 5) + (3 - 0). Determine x(f).
13
Let k be (4/6)/((-4)/(-30)). Let l = 5 - 9. Let v(b) = -5. Let p(j) = -j - 4. Let f(t) = k*p(t) + l*v(t). Calculate f(-1).
5
Let g be ((-4)/1 - 12)/(-2). Let q(u) = -u**2 + 4*u + 7. Let y be q(5). Let t(a) = -y - 19*a + g*a + 10*a. Calculate t(-6).
4
Let o(j) = -j**3 + 4*j**2 - 3*j - 3. Let t(p) = 5*p**3 - 20*p**2 + 16*p + 16. Let x(r) = -11*o(r) - 2*t(r). Calculate x(3).
-5
Let h(f) = -9*f**2 - 7*f + 12. Let c(y) = -5*y**2 - 5*y + 7. Let r(k) = -7*c(k) + 4*h(k). What is r(7)?
-1
Let i = -119 - -229. Suppose -30 = 4*g - i. Let d = 22 - g. Let u(k) = -2*k + 1. What is u(d)?
-3
Let t(i) be the first derivative of -1/2*i**2 - 9*i - 15. Determine t(-8).
-1
Let y = -12 + 21. Suppose -3*a = y*a + 48. Let d(r) = -r**3 - 4*r**2 + 5. What is d(a)?
5
Let f(v) = 2*v + 1. Let c(j) = 3*j + 1. Let b(g) = c(g) - f(g). Determine b(-1).
-1
Let b(y) = -y**3 - 3*y**2 + 3*y - 3. Let w(a) = 2*a**2 + 3*a - 5. Let v be w(2). Suppose d - 1 = v. Suppose d = -4*i - 6. Calculate b(i).
1
Let l(j) = 2*j**3 - 4*j - 7*j**3 + 5 + 0 + 6*j**3 + 3*j**2. Let p(t) = -2*t - 19. Let y be p(-9). Let a = y - 3. What is l(a)?
5
Let k(i) = -19*i - 9. Let l(t) = 23*t + 10. Let d(c) = 7*k(c) + 6*l(c). Determine d(2).
7
Let n(r) = -r**2 - 4*r - 7. Suppose -26*d + 25*d + 4*f - 14 = 0, -4*d - 3*f - 18 = 0. Determine n(d).
-19
Suppose -14*c - 13*c = 0. Let b(f) = f**2 - 2*f - 7. What is b(c)?
-7
Let f(c) = -2*c**2 - 3*c**2 - 8*c + 4*c**2 - 5. Let l = -14 - -7. What is f(l)?
2
Let q = 451 + -448. Let v(f) be the second derivative of 0 + 1/4*f**4 + 2*f**2 + 1/20*f**5 - 1/2*f**q - 7*f. Determine v(-4).
0
Suppose -13*y + 8*y + 75 = 0. Let n(m) = 6 + 7 + 3 - y + 3*m**2 + 2*m - m**3. Calculate n(4).
-7
Let u be ((2 - 4) + 20)*2/2. Let l(t) = 0 - u*t + 6 - 5 - 2. Give l(1).
-19
Let r(o) = -o**3 - 4*o**2 - 2*o + 4. Suppose g - 8 = -0*g + s, 0 = -4*s. Suppose -4 = -t - g. Determine r(t).
12
Let h = 3 - -1. Let n be (-1)/h*-1*4. Let y(b) = 12*b**3. Determine y(n).
12
Let z(a) = 2*a**2 - 3. Suppose -4*b + 12 = 3*v - 13, 0 = -2*b + 8. Determine z(v).
15
Let i(n) = -n**2 + n. Let z be (-16)/20*5/(-2). Let d(c) = -3*c**2 + 7*c + 7. Let v(k) = z*i(k) - d(k). Suppose p + 1 - 3 = 0, -2*s + 2 = -4*p. Give v(s).
-7
Suppose -5*w + 60 = 2*o, -3*o + 2*o = 5*w - 60. Let s(j) = -35*j + 19*j + w*j - 1 + 11*j. What is s(-3)?
-22
Suppose -25 = -5*g - j + 14, 0 = 2*g + j - 18. Let a(f) be the third derivative of f**5/60 - f**4/4 - 7*f**3/6 + f**2. Determine a(g).
0
Let l(h) = h**2 + 11*h - 12. Suppose 0 = -2*b - 2*b - 48. Let i be l(b). Suppose -2*d + 8 + 0 = i. Let w(s) = s**3 - 4*s**2. What is w(d)?
0
Let n be ((-6)/(-4))/(9/48*4). Let y(w) = -7*w + 1. Give y(n).
-13
Let w(q) = 2*q - 19. Let j(g) = g - 9. Let v(z) = -9*j(z) + 4*w(z). Suppose 4*s + 1 = 25. Let x = 0 + s. What is v(x)?
-1
Let r(h) = -4*h - 10*h + 22*h - 7*h. Determine r(6).
6
Let z(f) = 5*f**3 - f**2 + 2*f - 1. Let w = 13 - 11. Suppose 4*j + 1 = m - 10, 0 = -5*j + w*m - 13. Let h be (2 - 0)*j/(-6). Give z(h).
5
Let h(q) be the third derivative of q**4/12 - 2*q**3/3 - q**2 - 134*q. What is h(4)?
4
Let c(a) = 5*a**2 + 30*a - 11. Let d(q) = -q**2 - 8*q + 3. Let g(v) = 2*c(v) + 9*d(v). Determine g(7).
-30
Let q(h) = -h**3 - 9*h**2 - 7*h + 7. Suppose -v - 3*v + 0*v = 0. Suppose m + 2*m + 24 = v. Calculate q(m).
-1
Let q(m) be the second derivative of -m - 1/12*m**4 + 7/2*m**2 + 0 - m**3. Calculate q(-7).
0
Let z(t) = -t**2 + 6*t + 5. Suppose 5*d = 13 + 2. Suppose d*q + 16 = -a, -4*a - 9 = 5*q + 20. Let x(s) = -3*s - 10. Let k be x(q). Give z(k).
10
Let i(x) = 3. Let k(v) = v - 2. Let u(s) = -2*i(s) - 2*k(s). Calculate u(-4).
6
Let u = 289 - 287. Let d(g) be the second derivative of 0 + 1/2*g**u - 4*g - 1/6*g**3. Calculate d(1).
0
Suppose 0 = 5*f - 5 + 35. Let y(k) = -3*k + 5. Determine y(f).
23
Suppose -15 - 12 = -3*b. Let c(d) be the first derivative of 1/3*d**3 + b - 1/2*d**2 - d. Calculate c(0).
-1
Let f(u) be the first derivative of u**4/24 - 7*u**3/6 - 17*u**2/2 + 16. Let d(n) be the second derivative of f(n). Calculate d(8).
1
Let u(q) = 5*q + 24*q + 6*q - 5*q - 1. Calculate u(1).
29
Let a(i) = -i**2 + 6*i - 11. Let q be (16/10)/((-826)/70 + 12). What is a(q)?
-27
Let z(j) = 13 - 39 + 29 - j**2 - j. What is z(-6)?
-27
Let b be (-48)/60*5/2. Let z be -2*((-6)/2 - b). Let h(m) = -2*m + 3*m + m**z + 0*m**2 + 0*m. Determine h(-1).
0
Let g(c) = c**3 - 4*c**2 + c - 2. Let i(h) = 4*h - 8. Let n be i(3). Let o be g(n). Let u(r) = -r + 3 - r - 4. Calculate u(o).
-5
Let t(a) be the first derivative of a**2 - 4*a + 626. Give t(-1).
-6
Suppose -2*d - 8 = -16. Let a(i) = 3*i + d*i - 8*i - 9 + 3*i. Give a(6).
3
Let t(a) = 10*a - 5 + 3 - 2*a - 5*a. Suppose -4*f + 10*f = 18. Give t(f).
7
Let v(m) = 7*m**2 - 3*m - 3. Let p(g) = 13*g**2 - 5*g - 5. Let k(l) = 6*p(l) - 11*v(l). Let n be k(-2). Let c(d) = 2*d + 2 + 2*d - 2 - n. Give c(-1).
-5
Suppose -1 = -3*j + 2*p + 21, -26 = -4*j + 2*p. Let i(r) = 4*r - 1 - j*r + 0 - 4*r. Let w(v) = -v - 4. Let n be w(-3). What is i(n)?
3
Suppose -l - 40 = -38. Let i(c) = 2*c**2 + 2*c + 1. What is i(l)?
5
Let s be 2/(2 + 16/(-10)). Let k(y) = -7*y - 4 + y + 7*y + 2 - 4. Give k(s).
-1
Suppose 2*q + 3*o = -5, q + 4*q = 2*o + 16. Suppose q*i + 6 = i. Let t(s) = 3*s + 6. Give t(i).
-12
Let d(p) = -3*p. Let n(q) = q. Let s(c) = -2*d(c) - 7*n(c). Let u be (0 - 1)/(-8 + 63/7). Let t(a) = -a**2 - 11*a. Let x(r) = u*t(r) + 6*s(r). What is x(-4)?
-4
Let k(q) = -17*q**2 + 5*q + 4. Let w(m) = 18*m**2 - 6*m - 5. Let l be (-107)/(-7) + (-2)/7. Suppose n - 4*n = -l. Let v(h) = n*w(h) + 6*k(h). Determine v(-1).
-13
Let u(d) = 2*d**2. Let s = -9 + 12. Suppose s*p + p + 40 = 0. Let y be (-4)/(-10) - 6/p. Determine u(y).
2
Let z(l) = l**2 + 3*l + 1. Suppose -9 = 6*w - 45. Let x be w/(-4)*24/18. Give z(x).
-1
Let y(g) be the first derivative of 3*g**2 - g + 35. Calculate y(1).
5
Let v be -41 - -49 - (0 - -2). Let i(k) = k**2 + k - 6*k - 7 + 1. Determine i(v).
0
Let q = -21 - -13. Let z be 1/(-4) - 18/q. Let u(r) = r - 2 + 1 - z*r + 6*r. Determine u(3).
14
Let p(n) be the second derivative of 1/12*n**4 - n + 0*n**2 + 3/20*n**5 - 1/6*n**3 + 0. Determine p(-2).
-18
Let t(w) = -w**3 + 7*w**2 - 8*w + 5. Suppose -108 = -5*k - 13*k. Calculate t(k).
-7
Let k be (-24)/(-30)*(-1)/(6/735). Let l = -97 - k. Let q(m) = m + 3*m - 3*m. What is q(l)?
1
Let k(b) = b + 4. Let h = 59 + 22. Let r = h + -87. What is k(r)?
-2
Let d(x) = x**3 - 23*x**2 + 1. Let z be d(23). Let c(u) = -5*u - 2. Let o(b) = -119*b - 49. Let j(l) = -49*c(l) + 2*o(l). Calculate j(z).
7
Let d(p) = 10 + 3*p + 2*p + 5*p - 11*p. Give d(3).
7
Suppose o = -15 + 16. Let y(l) be the third derivative of 11*l**6/120 + 4*l**2. Give y(o).
11
Suppose -50*o + 27*o = -